rue
Is 2575663 composite?
False
Is 53101483 composite?
True
Is 18167573 a prime number?
True
Is 14285207 a composite number?
True
Is 378965743 prime?
False
Is 59296933 prime?
True
Is 1517239 a composite number?
False
Is 81425671 composite?
True
Is 9983101 composite?
False
Is 94475779 a prime number?
True
Is 2221369 a prime number?
False
Is 166722629 a composite number?
True
Is 54229733 prime?
False
Is 90707711 prime?
True
Is 39529939 a composite number?
True
Is 1404257 a prime number?
True
Is 2845279 a composite number?
False
Is 503543 composite?
False
Is 2498233 composite?
True
Is 2018011 a composite number?
True
Is 188621 composite?
False
Is 122984629 a composite number?
False
Is 2286905 composite?
True
Is 355774019 composite?
False
Is 66425071 a composite number?
True
Is 16635377 a composite number?
True
Is 3820451 composite?
True
Is 5473969 prime?
True
Is 3787471 composite?
False
Is 160552957 prime?
True
Is 2910839 a prime number?
False
Is 45379 a composite number?
True
Is 6709643 composite?
True
Is 170429023 composite?
False
Is 8710315 composite?
True
Is 3586247 a composite number?
True
Is 53094473 prime?
True
Is 2370671 composite?
False
Is 1572821 prime?
True
Is 257044763 a prime number?
False
Is 356803 a composite number?
False
Is 20400761 a composite number?
True
Is 3854401 prime?
False
Is 186507803 a composite number?
False
Is 897931 prime?
True
Is 1739911 a prime number?
True
Is 899377 composite?
True
Is 2818217 composite?
True
Is 472921 prime?
True
Is 25759121 a prime number?
False
Is 26565311 composite?
False
Is 46798279 composite?
True
Is 21142859 composite?
False
Is 5297177 a composite number?
False
Is 325230079 composite?
False
Is 56608499 a composite number?
False
Is 16182047 a composite number?
True
Is 15367189 a composite number?
False
Is 72928463 a prime number?
False
Is 4455193 prime?
False
Is 45765337 a prime number?
False
Is 11513849 a composite number?
False
Is 130867871 prime?
True
Is 9987401 a composite number?
True
Is 165818857 prime?
True
Is 181986409 composite?
True
Is 1069259 prime?
False
Is 648355 a prime number?
False
Is 100976613 prime?
False
Is 14155769 prime?
False
Is 43924949 prime?
True
Is 515224313 a prime number?
True
Is 146047681 a prime number?
False
Is 130859207 composite?
False
Is 1600147 a prime number?
False
Is 28838167 composite?
False
Is 75381371 a prime number?
False
Is 137327 composite?
True
Is 61861 prime?
True
Is 20616559 a prime number?
True
Is 424235531 composite?
True
Is 9099817 composite?
True
Is 24689293 prime?
True
Is 10522531 prime?
True
Is 14120231 prime?
True
Is 293437681 a prime number?
True
Is 42808193 a composite number?
True
Is 1016693 prime?
False
Is 2982097 a composite number?
False
Is 3027889 a prime number?
False
Is 251811407 a composite number?
False
Is 34673369 composite?
True
Is 15010477 a prime number?
True
Is 129253961 a composite number?
False
Is 1442167 a composite number?
True
Is 4821793 a composite number?
False
Is 348181571 a prime number?
True
Is 4747049 prime?
False
Is 9346895 prime?
False
Is 17634657 composite?
True
Is 312881 a composite number?
True
Is 16108387 composite?
False
Is 2970787 prime?
True
Is 1290353 prime?
False
Is 16423349 composite?
False
Is 588457 prime?
False
Is 12532214 composite?
True
Is 427681 a composite number?
False
Is 857356018 a composite number?
True
Is 96199711 prime?
True
Is 83259569 prime?
True
Is 19629517 a composite number?
False
Is 45023527 composite?
False
Is 6758294 prime?
False
Is 182520749 a composite number?
True
Is 215373703 prime?
True
Is 5489621 composite?
True
Is 22692911 a prime number?
True
Is 439268231 a prime number?
True
Is 665087701 a prime number?
True
Is 3493219 a prime number?
True
Is 10576507 prime?
True
Is 591562453 prime?
True
Is 271393 a composite number?
False
Is 84707741 a composite number?
True
Is 627987251 composite?
True
Is 37744447 a composite number?
True
Is 9851047 a prime number?
True
Is 264240289 a composite number?
True
Is 1084247 a composite number?
False
Is 438601 a composite number?
False
Is 8693687 a prime number?
True
Is 12491965 prime?
False
Is 3838097 a prime number?
True
Is 612626023 a prime number?
False
Is 43421803 prime?
True
Is 407482459 prime?
True
Is 24168389 composite?
True
Is 252359983 a composite number?
False
Is 117899299 a composite number?
True
Is 107522113 a composite number?
True
Is 17592973 a prime number?
True
Is 1233457 composite?
True
Is 816407 composite?
True
Is 152672033 composite?
True
Is 110436038 a prime number?
False
Is 481645 prime?
False
Is 55663021 a composite number?
False
Is 13254961 prime?
True
Is 147569 a composite number?
True
Is 140912567 prime?
False
Is 6996166 a composite number?
True
Is 2854595 composite?
True
Is 46730947 prime?
False
Is 4614749 prime?
True
Is 31497637 a prime number?
True
Is 29154089 a prime number?
True
Is 1443782 composite?
True
Is 144336611 composite?
True
Is 2529433 a prime number?
False
Is 199225693 a prime number?
False
Is 19750349 a composite number?
False
Is 26689931 a composite number?
False
Is 18157759 a composite number?
False
Is 4615601 composite?
False
Is 5915167 a prime number?
False
Is 47583581 composite?
True
Is 6461093 composite?
False
Is 108183221 prime?
False
Is 29716711 a prime number?
False
Is 2124047 a prime number?
False
Is 1313797 a composite number?
False
Is 18945599 a prime number?
False
Is 9894453 prime?
False
Is 180479567 prime?
True
Is 431298506 prime?
False
Is 41252011 a composite number?
False
Is 94542469 a prime number?
False
Is 2127679 prime?
True
Is 12779335 a prime number?
False
Is 101127161 composite?
False
Is 1682797 composite?
True
Is 242601769 a composite number?
True
Is 7726487 a composite number?
True
Is 1452733 composite?
True
Is 61682063 prime?
True
Is 102911 a prime number?
True
Is 95615159 a prime number?
True
Is 3605141 composite?
False
Is 4314839 composite?
False
Is 3197389727 a composite number?
True
Is 152687 composite?
True
Is 188711 composite?
False
Is 10421539 prime?
True
Is 18706909 a prime number?
False
Is 730059909 a prime number?
False
Is 88186649 a prime number?
False
Is 2370911 a prime number?
False
Is 1205027 prime?
True
Is 338629003 composite?
False
Is 9808243 a prime number?
True
Is 3636557 composite?
True
Is 9609593 a composite number?
True
Is 3757235 a composite number?
True
Is 8274099 prime?
False
Is 2436479 prime?
True
Is 1647353 a composite number?
False
Is 1291845187 composite?
False
Is 41575561 a prime number?
True
Is 392191 a composite number?
True
Is 157387 prime?
False
Is 38608331 a composite number?
True
Is 5855233 a composite number?
False
Is 5264711 prime?
True
Is 30752467 composite?
False
Is 10697747 prime?
True
Is 7199807 prime?
True
Is 28277 a prime number?
True
Is 3048207 composite?
True
Is 18281821 prime?
False
Is 14567909 a prime number?
True
Is 2695961 a composite number?
False
Is 2137397 a composite number?
False
Is 115176283 prime?
False
Is 47502919 composite?
False
Is 5567663 prime?
True
Is 2481937 composite?
True
Is 1949309 a prime number?
True
Is 386735183 a prime number?
True
Is 4184099 a prime number?
True
Is 439537 a prime number?
False
Is 302850689 composite?
True
Is 346818923 a composite number?
True
Is 10892447 prime?
True
Is 106357603 a prime number?
False
Is 1374079813 a composite number?
True
Is 3186739 composite?
False
Is 87338609 prime?
False
Is 219068611 a prime number?
True
Is 288144931 prime?
True
Is 1147382497 composite?
False
Is 2496973 a composite number?
False
Is 12870959 prime?
True
Is 3059663 a composite number?
True
Is 261822361 a composite number?
False
Is 1445495 prime?
False
Is 1793243 a prime number?
False
Is 84015661 a composite number?
True
Is 24422 prime?
False
Is 892173 composite?
True
Is 19933073 prime?
True
Is 3718831 a composite number?
False
Is 1439129 a prime number?
True
Is 21114409 a prime number?
False
Is 5841697 composite?
True
Is 93994633 a prime number?
True
Is 51758093 a prime number?
True
Is 500467951 a composite number?
False
Is 2310859 a prime number?
False
Is 870479 prime?
True
Is 171179 prime?
True
Is 16033403 composite?
False
Is 9192367 a prime number?
False
Is 11887009 composite?
True
Is 4004387 prime?
True
Is 41857067 a composite number?
True
Is 12702779 a composite number?
False
Is 90958135 composite?
